{"id":304,"date":"2021-11-10T18:07:55","date_gmt":"2021-11-10T17:07:55","guid":{"rendered":"http:\/\/byguldbrandt.dk\/?post_type=product&#038;p=304"},"modified":"2025-07-13T16:35:05","modified_gmt":"2025-07-13T14:35:05","slug":"3-stk-flettet-hjerte-i-aegte-laeder-graa","status":"publish","type":"product","link":"https:\/\/byguldbrandt.dk\/index.php\/product\/3-stk-flettet-hjerte-i-aegte-laeder-graa\/","title":{"rendered":"Flettet hjerter gr\u00e5toner &#8211; 3 PAK"},"content":{"rendered":"","protected":false},"excerpt":{"rendered":"<p>Til disse hjerter har jeg genanvendt \u00e6gte l\u00e6der fra l\u00e6derjakker, der har udtjent deres v\u00e6rnepligt i garderoberne.<\/p>\n<p>Hjertet m\u00e5ler 6,5 cm i h\u00f8jden uden hank.<\/p>\n<p>S\u00e6lges som s\u00e6t med 3 stk for 99,-<\/p>\n<p>\u00d8nsker du at blande farverne, skal du blot skrive det under bem\u00e6rkninger, n\u00e5r du bestiller\ud83d\ude09<\/p>\n","protected":false},"featured_media":305,"comment_status":"closed","ping_status":"closed","template":"","meta":[],"product_brand":[],"product_cat":[84],"product_tag":[53,30],"class_list":{"0":"post-304","1":"product","2":"type-product","3":"status-publish","4":"has-post-thumbnail","6":"product_cat-byguldbrandt-handmade","7":"product_tag-flettet-hjerte","8":"product_tag-julehjerte","10":"first","11":"instock","12":"shipping-taxable","13":"purchasable","14":"product-type-simple"},"_links":{"self":[{"href":"https:\/\/byguldbrandt.dk\/index.php\/wp-json\/wp\/v2\/product\/304","targetHints":{"allow":["GET"]}}],"collection":[{"href":"https:\/\/byguldbrandt.dk\/index.php\/wp-json\/wp\/v2\/product"}],"about":[{"href":"https:\/\/byguldbrandt.dk\/index.php\/wp-json\/wp\/v2\/types\/product"}],"replies":[{"embeddable":true,"href":"https:\/\/byguldbrandt.dk\/index.php\/wp-json\/wp\/v2\/comments?post=304"}],"wp:featuredmedia":[{"embeddable":true,"href":"https:\/\/byguldbrandt.dk\/index.php\/wp-json\/wp\/v2\/media\/305"}],"wp:attachment":[{"href":"https:\/\/byguldbrandt.dk\/index.php\/wp-json\/wp\/v2\/media?parent=304"}],"wp:term":[{"taxonomy":"product_brand","embeddable":true,"href":"https:\/\/byguldbrandt.dk\/index.php\/wp-json\/wp\/v2\/product_brand?post=304"},{"taxonomy":"product_cat","embeddable":true,"href":"https:\/\/byguldbrandt.dk\/index.php\/wp-json\/wp\/v2\/product_cat?post=304"},{"taxonomy":"product_tag","embeddable":true,"href":"https:\/\/byguldbrandt.dk\/index.php\/wp-json\/wp\/v2\/product_tag?post=304"}],"curies":[{"name":"wp","href":"https:\/\/api.w.org\/{rel}","templated":true}]}}